[INFO] fetching crate srcpos_get_derive 1.1.1...
[INFO] building srcpos_get_derive-1.1.1 against master#ff34b919075f35a1787659e9c448a34b06bab8de for issue-85264
[INFO] extracting crate srcpos_get_derive 1.1.1 into /workspace/builds/worker-5/source
[INFO] validating manifest of crates.io crate srcpos_get_derive 1.1.1 on toolchain ff34b919075f35a1787659e9c448a34b06bab8de
[INFO] running `Command { std: "/workspace/cargo-home/bin/cargo" "+ff34b919075f35a1787659e9c448a34b06bab8de" "metadata" "--manifest-path" "Cargo.toml" "--no-deps", kill_on_drop: false }`
[INFO] started tweaking crates.io crate srcpos_get_derive 1.1.1
[INFO] finished tweaking crates.io crate srcpos_get_derive 1.1.1
[INFO] tweaked toml for crates.io crate srcpos_get_derive 1.1.1 written to /workspace/builds/worker-5/source/Cargo.toml
[INFO] running `Command { std: "/workspace/cargo-home/bin/cargo" "+ff34b919075f35a1787659e9c448a34b06bab8de" "generate-lockfile" "--manifest-path" "Cargo.toml" "-Zno-index-update", kill_on_drop: false }`
[INFO] running `Command { std: "/workspace/cargo-home/bin/cargo" "+ff34b919075f35a1787659e9c448a34b06bab8de" "fetch" "--manifest-path" "Cargo.toml", kill_on_drop: false }`
[INFO] running `Command { std: "docker" "create" "-v" "/var/lib/crater-agent-workspace/builds/worker-5/target:/opt/rustwide/target:rw,Z" "-v" "/var/lib/crater-agent-workspace/builds/worker-5/source:/opt/rustwide/workdir:ro,Z" "-v" "/var/lib/crater-agent-workspace/cargo-home:/opt/rustwide/cargo-home:ro,Z" "-v" "/var/lib/crater-agent-workspace/rustup-home:/opt/rustwide/rustup-home:ro,Z" "-e" "SOURCE_DIR=/opt/rustwide/workdir" "-e" "CARGO_TARGET_DIR=/opt/rustwide/target" "-e" "CARGO_HOME=/opt/rustwide/cargo-home" "-e" "RUSTUP_HOME=/opt/rustwide/rustup-home" "-w" "/opt/rustwide/workdir" "-m" "1610612736" "--user" "0:0" "--network" "none" "ghcr.io/rust-lang/crates-build-env/linux@sha256:20528e8c29e4536546f0102ce88568b16ea7538393a33fcca951030f7af10457" "/opt/rustwide/cargo-home/bin/cargo" "+ff34b919075f35a1787659e9c448a34b06bab8de" "metadata" "--no-deps" "--format-version=1", kill_on_drop: false }`
[INFO] [stdout] 478fcafda2a9a9c7128cb1ddaa51e7cc4c1c7594a15c19a5a1143cf86a01642d
[INFO] [stderr] WARNING: Your kernel does not support swap limit capabilities or the cgroup is not mounted. Memory limited without swap.
[INFO] running `Command { std: "docker" "start" "-a" "478fcafda2a9a9c7128cb1ddaa51e7cc4c1c7594a15c19a5a1143cf86a01642d", kill_on_drop: false }`
[INFO] running `Command { std: "docker" "inspect" "478fcafda2a9a9c7128cb1ddaa51e7cc4c1c7594a15c19a5a1143cf86a01642d", kill_on_drop: false }`
[INFO] running `Command { std: "docker" "rm" "-f" "478fcafda2a9a9c7128cb1ddaa51e7cc4c1c7594a15c19a5a1143cf86a01642d", kill_on_drop: false }`
[INFO] [stdout] 478fcafda2a9a9c7128cb1ddaa51e7cc4c1c7594a15c19a5a1143cf86a01642d
[INFO] running `Command { std: "docker" "create" "-v" "/var/lib/crater-agent-workspace/builds/worker-5/target:/opt/rustwide/target:rw,Z" "-v" "/var/lib/crater-agent-workspace/builds/worker-5/source:/opt/rustwide/workdir:ro,Z" "-v" "/var/lib/crater-agent-workspace/cargo-home:/opt/rustwide/cargo-home:ro,Z" "-v" "/var/lib/crater-agent-workspace/rustup-home:/opt/rustwide/rustup-home:ro,Z" "-e" "SOURCE_DIR=/opt/rustwide/workdir" "-e" "CARGO_TARGET_DIR=/opt/rustwide/target" "-e" "CARGO_INCREMENTAL=0" "-e" "RUST_BACKTRACE=full" "-e" "RUSTFLAGS=--cap-lints=forbid" "-e" "CARGO_HOME=/opt/rustwide/cargo-home" "-e" "RUSTUP_HOME=/opt/rustwide/rustup-home" "-w" "/opt/rustwide/workdir" "-m" "1610612736" "--user" "0:0" "--network" "none" "ghcr.io/rust-lang/crates-build-env/linux@sha256:20528e8c29e4536546f0102ce88568b16ea7538393a33fcca951030f7af10457" "/opt/rustwide/cargo-home/bin/cargo" "+ff34b919075f35a1787659e9c448a34b06bab8de" "build" "--frozen" "--message-format=json", kill_on_drop: false }`
[INFO] [stdout] 30e64c03941db271d19d7d95363230fec0ae590b64129998d145d2a764e14dc4
[INFO] [stderr] WARNING: Your kernel does not support swap limit capabilities or the cgroup is not mounted. Memory limited without swap.
[INFO] running `Command { std: "docker" "start" "-a" "30e64c03941db271d19d7d95363230fec0ae590b64129998d145d2a764e14dc4", kill_on_drop: false }`
[INFO] [stderr]    Compiling proc-macro2 v1.0.27
[INFO] [stderr]    Compiling unicode-xid v0.2.2
[INFO] [stderr]    Compiling syn v1.0.72
[INFO] [stderr]    Compiling quote v1.0.9
[INFO] [stderr]    Compiling srcpos_get_derive v1.1.1 (/opt/rustwide/workdir)
[INFO] [stderr]     Finished dev [unoptimized + debuginfo] target(s) in 6.45s
[INFO] running `Command { std: "docker" "inspect" "30e64c03941db271d19d7d95363230fec0ae590b64129998d145d2a764e14dc4", kill_on_drop: false }`
[INFO] running `Command { std: "docker" "rm" "-f" "30e64c03941db271d19d7d95363230fec0ae590b64129998d145d2a764e14dc4", kill_on_drop: false }`
[INFO] [stdout] 30e64c03941db271d19d7d95363230fec0ae590b64129998d145d2a764e14dc4
[INFO] running `Command { std: "docker" "create" "-v" "/var/lib/crater-agent-workspace/builds/worker-5/target:/opt/rustwide/target:rw,Z" "-v" "/var/lib/crater-agent-workspace/builds/worker-5/source:/opt/rustwide/workdir:ro,Z" "-v" "/var/lib/crater-agent-workspace/cargo-home:/opt/rustwide/cargo-home:ro,Z" "-v" "/var/lib/crater-agent-workspace/rustup-home:/opt/rustwide/rustup-home:ro,Z" "-e" "SOURCE_DIR=/opt/rustwide/workdir" "-e" "CARGO_TARGET_DIR=/opt/rustwide/target" "-e" "CARGO_INCREMENTAL=0" "-e" "RUST_BACKTRACE=full" "-e" "RUSTFLAGS=--cap-lints=forbid" "-e" "CARGO_HOME=/opt/rustwide/cargo-home" "-e" "RUSTUP_HOME=/opt/rustwide/rustup-home" "-w" "/opt/rustwide/workdir" "-m" "1610612736" "--user" "0:0" "--network" "none" "ghcr.io/rust-lang/crates-build-env/linux@sha256:20528e8c29e4536546f0102ce88568b16ea7538393a33fcca951030f7af10457" "/opt/rustwide/cargo-home/bin/cargo" "+ff34b919075f35a1787659e9c448a34b06bab8de" "test" "--frozen" "--no-run" "--message-format=json", kill_on_drop: false }`
[INFO] [stderr] WARNING: Your kernel does not support swap limit capabilities or the cgroup is not mounted. Memory limited without swap.
[INFO] [stdout] 6f5b03f6b83e8e6b10b6d3108754b60d60607c26cdf9f248d39d3125e50633aa
[INFO] running `Command { std: "docker" "start" "-a" "6f5b03f6b83e8e6b10b6d3108754b60d60607c26cdf9f248d39d3125e50633aa", kill_on_drop: false }`
[INFO] [stderr]    Compiling serde v1.0.126
[INFO] [stderr]    Compiling serde_derive v1.0.126
[INFO] [stderr]    Compiling srcpos v1.1.1
[INFO] [stderr]    Compiling srcpos_get_derive v1.1.1 (/opt/rustwide/workdir)
[INFO] [stdout] error[E0432]: unresolved import `srcpos_get`
[INFO] [stdout]  --> tests/test_loc.rs:2:5
[INFO] [stdout]   |
[INFO] [stdout] 2 | use srcpos_get::*;
[INFO] [stdout]   |     ^^^^^^^^^^ use of undeclared crate or module `srcpos_get`
[INFO] [stdout] 
[INFO] [stdout] 
[INFO] [stdout] error[E0432]: unresolved import `srcpos_get`
[INFO] [stdout]  --> tests/test_pos.rs:2:5
[INFO] [stdout]   |
[INFO] [stdout] 2 | use srcpos_get::*;
[INFO] [stdout]   |     ^^^^^^^^^^ use of undeclared crate or module `srcpos_get`
[INFO] [stdout] 
[INFO] [stdout] 
[INFO] [stdout] error: cannot find derive macro `GetLoc` in this scope
[INFO] [stdout]  --> tests/test_loc.rs:4:10
[INFO] [stdout]   |
[INFO] [stdout] 4 | #[derive(GetLoc)]
[INFO] [stdout]   |          ^^^^^^
[INFO] [stdout] 
[INFO] [stdout] 
[INFO] [stdout] error: cannot find derive macro `GetLoc` in this scope
[INFO] [stdout]   --> tests/test_loc.rs:18:10
[INFO] [stdout]    |
[INFO] [stdout] 18 | #[derive(GetLoc)]
[INFO] [stdout]    |          ^^^^^^
[INFO] [stdout] 
[INFO] [stdout] 
[INFO] [stdout] error: cannot find attribute `loc` in this scope
[INFO] [stdout]   --> tests/test_loc.rs:20:7
[INFO] [stdout]    |
[INFO] [stdout] 20 |     #[loc]
[INFO] [stdout]    |       ^^^ help: a built-in attribute with a similar name exists: `doc`
[INFO] [stdout] 
[INFO] [stdout] 
[INFO] [stdout] error: cannot find derive macro `GetLoc` in this scope
[INFO] [stdout]   --> tests/test_loc.rs:33:10
[INFO] [stdout]    |
[INFO] [stdout] 33 | #[derive(GetLoc)]
[INFO] [stdout]    |          ^^^^^^
[INFO] [stdout] 
[INFO] [stdout] 
[INFO] [stdout] error: cannot find derive macro `GetLoc` in this scope
[INFO] [stdout]   --> tests/test_loc.rs:43:10
[INFO] [stdout]    |
[INFO] [stdout] 43 | #[derive(GetLoc)]
[INFO] [stdout]    |          ^^^^^^
[INFO] [stdout] 
[INFO] [stdout] 
[INFO] [stdout] error: cannot find attribute `loc` in this scope
[INFO] [stdout]   --> tests/test_loc.rs:44:16
[INFO] [stdout]    |
[INFO] [stdout] 44 | struct D(u8, #[loc] Loc);
[INFO] [stdout]    |                ^^^ help: a built-in attribute with a similar name exists: `doc`
[INFO] [stdout] 
[INFO] [stdout] 
[INFO] [stdout] error: cannot find derive macro `GetLoc` in this scope
[INFO] [stdout]   --> tests/test_loc.rs:53:10
[INFO] [stdout]    |
[INFO] [stdout] 53 | #[derive(GetLoc)]
[INFO] [stdout]    |          ^^^^^^
[INFO] [stdout] 
[INFO] [stdout] 
[INFO] [stdout] error: cannot find attribute `loc` in this scope
[INFO] [stdout]   --> tests/test_loc.rs:56:13
[INFO] [stdout]    |
[INFO] [stdout] 56 |     B(u8, #[loc] Loc),
[INFO] [stdout]    |             ^^^ help: a built-in attribute with a similar name exists: `doc`
[INFO] [stdout] 
[INFO] [stdout] 
[INFO] [stdout] error: cannot find attribute `loc` in this scope
[INFO] [stdout]   --> tests/test_loc.rs:61:11
[INFO] [stdout]    |
[INFO] [stdout] 61 |         #[loc]
[INFO] [stdout]    |           ^^^ help: a built-in attribute with a similar name exists: `doc`
[INFO] [stdout] 
[INFO] [stdout] 
[INFO] [stdout] error: cannot find derive macro `GetLoc` in this scope
[INFO] [stdout]    --> tests/test_loc.rs:100:10
[INFO] [stdout]     |
[INFO] [stdout] 100 | #[derive(GetLoc)]
[INFO] [stdout]     |          ^^^^^^
[INFO] [stdout] 
[INFO] [stdout] 
[INFO] [stdout] error: cannot find derive macro `GetPos` in this scope
[INFO] [stdout]  --> tests/test_pos.rs:4:10
[INFO] [stdout]   |
[INFO] [stdout] 4 | #[derive(GetPos)]
[INFO] [stdout]   |          ^^^^^^
[INFO] [stdout] 
[INFO] [stdout] 
[INFO] [stdout] error: cannot find derive macro `GetPos` in this scope
[INFO] [stdout]   --> tests/test_pos.rs:16:10
[INFO] [stdout]    |
[INFO] [stdout] 16 | #[derive(GetPos)]
[INFO] [stdout]    |          ^^^^^^
[INFO] [stdout] 
[INFO] [stdout] 
[INFO] [stdout] error: cannot find attribute `pos` in this scope
[INFO] [stdout]   --> tests/test_pos.rs:18:7
[INFO] [stdout]    |
[INFO] [stdout] 18 |     #[pos]
[INFO] [stdout]    |       ^^^
[INFO] [stdout]    |
[INFO] [stdout]    = note: consider importing this macro:
[INFO] [stdout]            srcpos::pos
[INFO] [stdout] 
[INFO] [stdout] 
[INFO] [stdout] error: cannot find derive macro `GetPos` in this scope
[INFO] [stdout]   --> tests/test_pos.rs:29:10
[INFO] [stdout]    |
[INFO] [stdout] 29 | #[derive(GetPos)]
[INFO] [stdout]    |          ^^^^^^
[INFO] [stdout] 
[INFO] [stdout] 
[INFO] [stdout] error: cannot find derive macro `GetPos` in this scope
[INFO] [stdout]   --> tests/test_pos.rs:39:10
[INFO] [stdout]    |
[INFO] [stdout] 39 | #[derive(GetPos)]
[INFO] [stdout]    |          ^^^^^^
[INFO] [stdout] 
[INFO] [stdout] 
[INFO] [stdout] error: cannot find attribute `pos` in this scope
[INFO] [stdout]   --> tests/test_pos.rs:40:16
[INFO] [stdout]    |
[INFO] [stdout] 40 | struct D(u8, #[pos] Pos);
[INFO] [stdout]    |                ^^^
[INFO] [stdout]    |
[INFO] [stdout]    = note: consider importing this macro:
[INFO] [stdout]            srcpos::pos
[INFO] [stdout] 
[INFO] [stdout] 
[INFO] [stdout] error: cannot find derive macro `GetPos` in this scope
[INFO] [stdout]   --> tests/test_pos.rs:49:10
[INFO] [stdout]    |
[INFO] [stdout] 49 | #[derive(GetPos)]
[INFO] [stdout]    |          ^^^^^^
[INFO] [stdout] 
[INFO] [stdout] 
[INFO] [stdout] error: cannot find attribute `pos` in this scope
[INFO] [stdout]   --> tests/test_pos.rs:52:13
[INFO] [stdout]    |
[INFO] [stdout] 52 |     B(u8, #[pos] Pos),
[INFO] [stdout]    |             ^^^
[INFO] [stdout]    |
[INFO] [stdout]    = note: consider importing one of these items:
[INFO] [stdout]            crate::pos
[INFO] [stdout]            srcpos::pos
[INFO] [stdout] 
[INFO] [stdout] 
[INFO] [stdout] error: cannot find attribute `pos` in this scope
[INFO] [stdout]   --> tests/test_pos.rs:57:11
[INFO] [stdout]    |
[INFO] [stdout] 57 |         #[pos]
[INFO] [stdout]    |           ^^^
[INFO] [stdout]    |
[INFO] [stdout]    = note: consider importing one of these items:
[INFO] [stdout]            crate::pos
[INFO] [stdout]            srcpos::pos
[INFO] [stdout] 
[INFO] [stdout] 
[INFO] [stdout] error: cannot find derive macro `GetPos` in this scope
[INFO] [stdout]   --> tests/test_pos.rs:94:10
[INFO] [stdout]    |
[INFO] [stdout] 94 | #[derive(GetPos)]
[INFO] [stdout]    |          ^^^^^^
[INFO] [stdout] 
[INFO] [stdout] 
[INFO] [stdout] error[E0599]: no method named `loc` found for struct `A` in the current scope
[INFO] [stdout]   --> tests/test_loc.rs:14:15
[INFO] [stdout]    |
[INFO] [stdout] 5  | struct A {
[INFO] [stdout]    | -------- method `loc` not found for this
[INFO] [stdout] ...
[INFO] [stdout] 14 |     let v = a.loc();
[INFO] [stdout]    |               ^^^-- help: remove the arguments
[INFO] [stdout]    |               |
[INFO] [stdout]    |               field, not a method
[INFO] [stdout] 
[INFO] [stdout] 
[INFO] [stdout] error[E0599]: no method named `loc` found for struct `B` in the current scope
[INFO] [stdout]   --> tests/test_loc.rs:29:15
[INFO] [stdout]    |
[INFO] [stdout] 19 | struct B {
[INFO] [stdout]    | -------- method `loc` not found for this
[INFO] [stdout] ...
[INFO] [stdout] 29 |     let v = b.loc();
[INFO] [stdout]    |               ^^^ method not found in `B`
[INFO] [stdout] 
[INFO] [stdout] 
[INFO] [stdout] error[E0599]: no method named `pos` found for struct `A` in the current scope
[INFO] [stdout]   --> tests/test_pos.rs:12:15
[INFO] [stdout]    |
[INFO] [stdout] 5  | struct A {
[INFO] [stdout]    | -------- method `pos` not found for this
[INFO] [stdout] ...
[INFO] [stdout] 12 |     let v = a.pos();
[INFO] [stdout]    |               ^^^-- help: remove the arguments
[INFO] [stdout]    |               |
[INFO] [stdout]    |               field, not a method
[INFO] [stdout] 
[INFO] [stdout] 
[INFO] [stdout] error[E0599]: no method named `loc` found for struct `C` in the current scope
[INFO] [stdout]   --> tests/test_loc.rs:39:15
[INFO] [stdout]    |
[INFO] [stdout] 34 | struct C(Loc);
[INFO] [stdout]    | -------------- method `loc` not found for this
[INFO] [stdout] ...
[INFO] [stdout] 39 |     let v = c.loc();
[INFO] [stdout]    |               ^^^ method not found in `C`
[INFO] [stdout] 
[INFO] [stdout] 
[INFO] [stdout] error[E0599]: no method named `pos` found for struct `B` in the current scope
[INFO] [stdout]   --> tests/test_pos.rs:25:15
[INFO] [stdout]    |
[INFO] [stdout] 17 | struct B {
[INFO] [stdout]    | -------- method `pos` not found for this
[INFO] [stdout] ...
[INFO] [stdout] 25 |     let v = b.pos();
[INFO] [stdout]    |               ^^^ method not found in `B`
[INFO] [stdout] 
[INFO] [stdout] 
[INFO] [stdout] error[E0599]: no method named `loc` found for struct `D` in the current scope
[INFO] [stdout]   --> tests/test_loc.rs:49:15
[INFO] [stdout]    |
[INFO] [stdout] 44 | struct D(u8, #[loc] Loc);
[INFO] [stdout]    | ------------------------- method `loc` not found for this
[INFO] [stdout] ...
[INFO] [stdout] 49 |     let v = d.loc();
[INFO] [stdout]    |               ^^^ method not found in `D`
[INFO] [stdout] 
[INFO] [stdout] 
[INFO] [stdout] error[E0599]: no method named `pos` found for struct `C` in the current scope
[INFO] [stdout]   --> tests/test_pos.rs:35:15
[INFO] [stdout]    |
[INFO] [stdout] 30 | struct C(Pos);
[INFO] [stdout]    | -------------- method `pos` not found for this
[INFO] [stdout] ...
[INFO] [stdout] 35 |     let v = c.pos();
[INFO] [stdout]    |               ^^^ method not found in `C`
[INFO] [stdout] 
[INFO] [stdout] 
[INFO] [stdout] error[E0599]: no method named `loc` found for enum `E` in the current scope
[INFO] [stdout]   --> tests/test_loc.rs:70:15
[INFO] [stdout]    |
[INFO] [stdout] 54 | enum E {
[INFO] [stdout]    | ------ method `loc` not found for this
[INFO] [stdout] ...
[INFO] [stdout] 70 |     let v = e.loc();
[INFO] [stdout]    |               ^^^ method not found in `E`
[INFO] [stdout] 
[INFO] [stdout] 
[INFO] [stdout] error[E0599]: no method named `pos` found for struct `D` in the current scope
[INFO] [stdout]   --> tests/test_pos.rs:45:15
[INFO] [stdout]    |
[INFO] [stdout] 40 | struct D(u8, #[pos] Pos);
[INFO] [stdout]    | ------------------------- method `pos` not found for this
[INFO] [stdout] ...
[INFO] [stdout] 45 |     let v = d.pos();
[INFO] [stdout]    |               ^^^ method not found in `D`
[INFO] [stdout] 
[INFO] [stdout] 
[INFO] [stdout] error[E0599]: no method named `loc` found for enum `E` in the current scope
[INFO] [stdout]   --> tests/test_loc.rs:77:15
[INFO] [stdout]    |
[INFO] [stdout] 54 | enum E {
[INFO] [stdout]    | ------ method `loc` not found for this
[INFO] [stdout] ...
[INFO] [stdout] 77 |     let v = e.loc();
[INFO] [stdout]    |               ^^^ method not found in `E`
[INFO] [stdout] 
[INFO] [stdout] 
[INFO] [stdout] error[E0599]: no method named `pos` found for enum `E` in the current scope
[INFO] [stdout]   --> tests/test_pos.rs:66:15
[INFO] [stdout]    |
[INFO] [stdout] 50 | enum E {
[INFO] [stdout]    | ------ method `pos` not found for this
[INFO] [stdout] ...
[INFO] [stdout] 66 |     let v = e.pos();
[INFO] [stdout]    |               ^^^ method not found in `E`
[INFO] [stdout] 
[INFO] [stdout] 
[INFO] [stdout] error[E0599]: no method named `loc` found for enum `E` in the current scope
[INFO] [stdout]   --> tests/test_loc.rs:86:15
[INFO] [stdout]    |
[INFO] [stdout] 54 | enum E {
[INFO] [stdout]    | ------ method `loc` not found for this
[INFO] [stdout] ...
[INFO] [stdout] 86 |     let v = e.loc();
[INFO] [stdout]    |               ^^^ method not found in `E`
[INFO] [stdout] 
[INFO] [stdout] 
[INFO] [stdout] error[E0599]: no method named `pos` found for enum `E` in the current scope
[INFO] [stdout]   --> tests/test_pos.rs:73:15
[INFO] [stdout]    |
[INFO] [stdout] 50 | enum E {
[INFO] [stdout]    | ------ method `pos` not found for this
[INFO] [stdout] ...
[INFO] [stdout] 73 |     let v = e.pos();
[INFO] [stdout]    |               ^^^ method not found in `E`
[INFO] [stdout] 
[INFO] [stdout] 
[INFO] [stdout] error[E0599]: no method named `pos` found for enum `E` in the current scope
[INFO] [stdout]   --> tests/test_pos.rs:80:15
[INFO] [stdout]    |
[INFO] [stdout] 50 | enum E {
[INFO] [stdout]    | ------ method `pos` not found for this
[INFO] [stdout] ...
[INFO] [stdout] 80 |     let v = e.pos();
[INFO] [stdout]    |               ^^^ method not found in `E`
[INFO] [stdout] 
[INFO] [stdout] 
[INFO] [stdout] error[E0599]: no method named `loc` found for enum `E` in the current scope
[INFO] [stdout]   --> tests/test_loc.rs:96:15
[INFO] [stdout]    |
[INFO] [stdout] 54 | enum E {
[INFO] [stdout]    | ------ method `loc` not found for this
[INFO] [stdout] ...
[INFO] [stdout] 96 |     let v = e.loc();
[INFO] [stdout]    |               ^^^ method not found in `E`
[INFO] [stdout] 
[INFO] [stdout] 
[INFO] [stdout] error[E0599]: no method named `pos` found for enum `E` in the current scope
[INFO] [stdout]   --> tests/test_pos.rs:90:15
[INFO] [stdout]    |
[INFO] [stdout] 50 | enum E {
[INFO] [stdout]    | ------ method `pos` not found for this
[INFO] [stdout] ...
[INFO] [stdout] 90 |     let v = e.pos();
[INFO] [stdout]    |               ^^^ method not found in `E`
[INFO] [stdout] 
[INFO] [stdout] 
[INFO] [stdout] error[E0599]: no method named `loc` found for struct `F` in the current scope
[INFO] [stdout]    --> tests/test_loc.rs:106:15
[INFO] [stdout]     |
[INFO] [stdout] 101 | struct F(Box<Loc>);
[INFO] [stdout]     | ------------------- method `loc` not found for this
[INFO] [stdout] ...
[INFO] [stdout] 106 |     let v = f.loc();
[INFO] [stdout]     |               ^^^ method not found in `F`
[INFO] [stdout] 
[INFO] [stdout] 
[INFO] [stdout] error[E0599]: no method named `pos` found for struct `F` in the current scope
[INFO] [stdout]    --> tests/test_pos.rs:100:15
[INFO] [stdout]     |
[INFO] [stdout] 95  | struct F(Box<Pos>);
[INFO] [stdout]     | ------------------- method `pos` not found for this
[INFO] [stdout] ...
[INFO] [stdout] 100 |     let v = f.pos();
[INFO] [stdout]     |               ^^^ method not found in `F`
[INFO] [stdout] 
[INFO] [stdout] 
[INFO] [stdout] error: aborting due to 20 previous errors
[INFO] [stdout] 
[INFO] [stdout] 
[INFO] [stdout] Some errors have detailed explanations: E0432, E0599.
[INFO] [stdout] 
[INFO] [stdout] For more information about an error, try `rustc --explain E0432`.
[INFO] [stdout] 
[INFO] [stdout] error: aborting due to 20 previous errors
[INFO] [stdout] 
[INFO] [stdout] 
[INFO] [stdout] Some errors have detailed explanations: E0432, E0599.
[INFO] [stdout] 
[INFO] [stdout] For more information about an error, try `rustc --explain E0432`.
[INFO] [stdout] 
[INFO] [stderr] error: could not compile `srcpos_get_derive`
[INFO] [stderr] 
[INFO] [stderr] To learn more, run the command again with --verbose.
[INFO] [stderr] warning: build failed, waiting for other jobs to finish...
[INFO] [stderr] error: build failed
[INFO] running `Command { std: "docker" "inspect" "6f5b03f6b83e8e6b10b6d3108754b60d60607c26cdf9f248d39d3125e50633aa", kill_on_drop: false }`
[INFO] running `Command { std: "docker" "rm" "-f" "6f5b03f6b83e8e6b10b6d3108754b60d60607c26cdf9f248d39d3125e50633aa", kill_on_drop: false }`
[INFO] [stdout] 6f5b03f6b83e8e6b10b6d3108754b60d60607c26cdf9f248d39d3125e50633aa
